{"id":372,"date":"2025-06-04T11:15:17","date_gmt":"2025-06-04T11:15:17","guid":{"rendered":"https:\/\/sejlingsmedje.web.attityde.dk\/?page_id=372"},"modified":"2025-06-05T09:08:14","modified_gmt":"2025-06-05T09:08:14","slug":"reka-fyringsanlaeg","status":"publish","type":"page","link":"https:\/\/sejlingsmedje.web.attityde.dk\/?page_id=372","title":{"rendered":"REKA Fyringsanl\u00e6g"},"content":{"rendered":"\t\t<div data-elementor-type=\"wp-page\" data-elementor-id=\"372\" class=\"elementor elementor-372\" data-elementor-post-type=\"page\">\n\t\t\t\t<div class=\"elementor-element elementor-element-5d0b16cf e-flex e-con-boxed e-con e-parent\" data-id=\"5d0b16cf\" data-element_type=\"container\" data-settings=\"{&quot;background_background&quot;:&quot;classic&quot;}\">\n\t\t\t\t\t<div class=\"e-con-inner\">\n\t\t<div class=\"elementor-element elementor-element-2723ca6f e-con-full e-flex e-con e-child\" data-id=\"2723ca6f\" data-element_type=\"container\">\n\t\t\t\t<div class=\"elementor-element elementor-element-769311f0 elementor-widget elementor-widget-heading\" data-id=\"769311f0\" data-element_type=\"widget\" data-widget_type=\"heading.default\">\n\t\t\t\t<div class=\"elementor-widget-container\">\n\t\t\t\t\t<h1 class=\"elementor-heading-title elementor-size-default\">REKA Fyringsanl\u00e6g<\/h1>\t\t\t\t<\/div>\n\t\t\t\t<\/div>\n\t\t\t\t<\/div>\n\t\t\t\t\t<\/div>\n\t\t\t\t<\/div>\n\t\t<div class=\"elementor-element elementor-element-55cdcb09 e-flex e-con-boxed e-con e-parent\" data-id=\"55cdcb09\" data-element_type=\"container\">\n\t\t\t\t\t<div class=\"e-con-inner\">\n\t\t<div class=\"elementor-element elementor-element-126764cf e-con-full e-flex e-con e-child\" data-id=\"126764cf\" data-element_type=\"container\">\n\t\t<div class=\"elementor-element elementor-element-5dcee84 e-flex e-con-boxed e-con e-child\" data-id=\"5dcee84\" data-element_type=\"container\">\n\t\t\t\t\t<div class=\"e-con-inner\">\n\t\t\t\t<div class=\"elementor-element elementor-element-4511beaa elementor-widget elementor-widget-heading\" data-id=\"4511beaa\" data-element_type=\"widget\" data-widget_type=\"heading.default\">\n\t\t\t\t<div class=\"elementor-widget-container\">\n\t\t\t\t\t<h3 class=\"elementor-heading-title elementor-size-default\">Vi forhandler REKA fyringsanl\u00e6g<\/h3>\t\t\t\t<\/div>\n\t\t\t\t<\/div>\n\t\t\t\t<div class=\"elementor-element elementor-element-79a0c789 elementor-widget elementor-widget-heading\" data-id=\"79a0c789\" data-element_type=\"widget\" data-widget_type=\"heading.default\">\n\t\t\t\t<div class=\"elementor-widget-container\">\n\t\t\t\t\t<h2 class=\"elementor-heading-title elementor-size-default\">Vi har en model til ethvert behov<\/h2>\t\t\t\t<\/div>\n\t\t\t\t<\/div>\n\t\t\t\t\t<\/div>\n\t\t\t\t<\/div>\n\t\t<div class=\"elementor-element elementor-element-ed339f0 e-con-full e-flex e-con e-child\" data-id=\"ed339f0\" data-element_type=\"container\">\n\t\t<div class=\"elementor-element elementor-element-488d24ec e-con-full e-flex e-con e-child\" data-id=\"488d24ec\" data-element_type=\"container\" data-settings=\"{&quot;background_background&quot;:&quot;classic&quot;}\">\n\t\t\t\t<\/div>\n\t\t<div class=\"elementor-element elementor-element-2a054af7 e-con-full e-flex e-con e-child\" data-id=\"2a054af7\" data-element_type=\"container\">\n\t\t\t\t<div class=\"elementor-element elementor-element-24be2478 elementor-widget elementor-widget-heading\" data-id=\"24be2478\" data-element_type=\"widget\" data-widget_type=\"heading.default\">\n\t\t\t\t<div class=\"elementor-widget-container\">\n\t\t\t\t\t<h3 class=\"elementor-heading-title elementor-size-default\">REKA Fyringsanl\u00e6g<\/h3>\t\t\t\t<\/div>\n\t\t\t\t<\/div>\n\t\t\t\t<div class=\"elementor-element elementor-element-781abd3 elementor-widget elementor-widget-text-editor\" data-id=\"781abd3\" data-element_type=\"widget\" data-widget_type=\"text-editor.default\">\n\t\t\t\t<div class=\"elementor-widget-container\">\n\t\t\t\t\t\t\t\t\t<p>Vi forhandler REKA fyringsanl\u00e6g, og har en model til ethvert behov, f.eks. HKRST-FSK10 som beskrevet her:<\/p><p><strong>Anl\u00e6gget best\u00e5r af:<\/strong><br \/>REKA 10 kW st\u00e5lpladekedel med \u00e5ben bund, isoleret med A-batts Og bekl\u00e6dt med st\u00e5l- og plast-isolbelagt plade.<br \/>Kedelfundament med verdens mindste indbyggede bev\u00e6gelige trapperist (som bevirker, at korn, kornafrens og halmpiller; som giver en h\u00e5rd slagge, klares uden problemer, netop fordi slaggen er i bev\u00e6gelse og derved ikke br\u00e6nder fast). Fyrboxen er foret med ildfast materiale i sider.<\/p><p>Bl\u00e6ser for prim\u00e6r\/sekund\u00e6r luft.<br \/>Halvautomatisk askeudtag, idet asken selv vandrer frem til frontl\u00e5gen.<br \/>NB! Automatisk askeudtag kan p\u00e5monteres.<br \/>Eltavle (3&#215;400 Volt + N + J og med 10A forsikringer) Styring med 3 programmer for br\u00e6ndselsvalg, samt ilt-<br \/>m\u00e5ling, og modulerende drift.<\/p><p>Stoker type FSK, best\u00e5ende af ca. 500 ltr. br\u00e6ndselskasse med l\u00e5g, bev\u00e6gelige skrabere i bund som sikrer; at genstridigt fyringsmateriale (br\u00e6ndsel) altid skrabes ned i indf\u00f8dningssneglen.<br \/>Stokeren er monteret med sprinkleranl\u00e6g m.m.<\/p><p>Stokeren kan monteres med max. 500 mm l\u00e6ngere indf\u00f8dningssnegl, s\u00e5 kedel og br\u00e6ndselskasse kan st\u00e5 i hvert sit rum.<br \/>Br\u00e6ndselskassen kan leveres med 750 ltr. br\u00e6ndselskasse (Ca. 300 mm h\u00f8jere).<br \/>Kedlen kan ogs\u00e5 forsynes med st\u00f8rre br\u00e6ndselskasse eller fjernlager.<\/p><p>Anl\u00e6gget er meget servicevenligt, robust, enkelt og kraftigt i sin konstruktion &#8211; dette maximerer levetiden samt s\u00e6nker driftomkostningerne. Kedlen er uden kedelr\u00f8r, hvilket g\u00f8r at vedligehold og rensning bliver holdt p\u00e5 et minimum.<\/p><p>Yderm\u00e5l p\u00e5 komplet standard anl\u00e6g HKRST-FSK10kW:<br \/>L\u00e6ngde: ca. 2500mm Bredde: ca. 1350mm H\u00f8jde: ca. 1350mm.<\/p>\t\t\t\t\t\t\t\t<\/div>\n\t\t\t\t<\/div>\n\t\t\t\t<div class=\"elementor-element elementor-element-442f52f0 elementor-widget elementor-widget-heading\" data-id=\"442f52f0\" data-element_type=\"widget\" data-widget_type=\"heading.default\">\n\t\t\t\t<div class=\"elementor-widget-container\">\n\t\t\t\t\t<h3 class=\"elementor-heading-title elementor-size-default\">Kontakt os for r\u00e5dgivning og installation<\/h3>\t\t\t\t<\/div>\n\t\t\t\t<\/div>\n\t\t\t\t<div class=\"elementor-element elementor-element-53c76e96 elementor-widget__width-initial elementor-widget elementor-widget-text-editor\" data-id=\"53c76e96\" data-element_type=\"widget\" data-widget_type=\"text-editor.default\">\n\t\t\t\t<div class=\"elementor-widget-container\">\n\t\t\t\t\t\t\t\t\t<p>Har du sp\u00f8rgsm\u00e5l, eller \u00f8nsker du et tilbud p\u00e5 REKA fyringsanl\u00e6g, ring da p\u00e5 <a href=\"tel:86855065\">86 85 50 65<\/a>.<\/p>\t\t\t\t\t\t\t\t<\/div>\n\t\t\t\t<\/div>\n\t\t\t\t<\/div>\n\t\t\t\t<\/div>\n\t\t\t\t<\/div>\n\t\t\t\t\t<\/div>\n\t\t\t\t<\/div>\n\t\t\t\t<\/div>\n\t\t","protected":false},"excerpt":{"rendered":"<p>REKA Fyringsanl\u00e6g Vi forhandler REKA fyringsanl\u00e6g Vi har en model til ethvert behov REKA Fyringsanl\u00e6g Vi forhandler REKA fyringsanl\u00e6g, og har en model til ethvert behov, f.eks. HKRST-FSK10 som beskrevet her: Anl\u00e6gget best\u00e5r af:REKA 10 kW st\u00e5lpladekedel med \u00e5ben bund, isoleret med A-batts Og bekl\u00e6dt med st\u00e5l- og plast-isolbelagt plade.Kedelfundament med verdens mindste indbyggede bev\u00e6gelige [&hellip;]<\/p>\n","protected":false},"author":1,"featured_media":0,"parent":0,"menu_order":0,"comment_status":"closed","ping_status":"closed","template":"elementor_header_footer","meta":{"_acf_changed":false,"footnotes":""},"class_list":["post-372","page","type-page","status-publish","hentry"],"acf":[],"yoast_head":"<!-- This site is optimized with the Yoast SEO plugin v25.1 - https:\/\/yoast.com\/wordpress\/plugins\/seo\/ -->\n<title>REKA Fyringsanl\u00e6g - Sejling Smedje<\/title>\n<meta name=\"robots\" content=\"index, follow, max-snippet:-1, max-image-preview:large, max-video-preview:-1\" \/>\n<link rel=\"canonical\" href=\"https:\/\/sejlingsmedje.web.attityde.dk\/?page_id=372\" \/>\n<meta property=\"og:locale\" content=\"da_DK\" \/>\n<meta property=\"og:type\" content=\"article\" \/>\n<meta property=\"og:title\" content=\"REKA Fyringsanl\u00e6g - Sejling Smedje\" \/>\n<meta property=\"og:description\" content=\"REKA Fyringsanl\u00e6g Vi forhandler REKA fyringsanl\u00e6g Vi har en model til ethvert behov REKA Fyringsanl\u00e6g Vi forhandler REKA fyringsanl\u00e6g, og har en model til ethvert behov, f.eks. HKRST-FSK10 som beskrevet her: Anl\u00e6gget best\u00e5r af:REKA 10 kW st\u00e5lpladekedel med \u00e5ben bund, isoleret med A-batts Og bekl\u00e6dt med st\u00e5l- og plast-isolbelagt plade.Kedelfundament med verdens mindste indbyggede bev\u00e6gelige [&hellip;]\" \/>\n<meta property=\"og:url\" content=\"https:\/\/sejlingsmedje.web.attityde.dk\/?page_id=372\" \/>\n<meta property=\"og:site_name\" content=\"Sejling Smedje\" \/>\n<meta property=\"article:modified_time\" content=\"2025-06-05T09:08:14+00:00\" \/>\n<meta name=\"twitter:card\" content=\"summary_large_image\" \/>\n<meta name=\"twitter:label1\" content=\"Estimeret l\u00e6setid\" \/>\n\t<meta name=\"twitter:data1\" content=\"2 minutter\" \/>\n<script type=\"application\/ld+json\" class=\"yoast-schema-graph\">{\"@context\":\"https:\/\/schema.org\",\"@graph\":[{\"@type\":\"WebPage\",\"@id\":\"https:\/\/sejlingsmedje.web.attityde.dk\/?page_id=372\",\"url\":\"https:\/\/sejlingsmedje.web.attityde.dk\/?page_id=372\",\"name\":\"REKA Fyringsanl\u00e6g - Sejling Smedje\",\"isPartOf\":{\"@id\":\"https:\/\/sejlingsmedje.web.attityde.dk\/#website\"},\"datePublished\":\"2025-06-04T11:15:17+00:00\",\"dateModified\":\"2025-06-05T09:08:14+00:00\",\"breadcrumb\":{\"@id\":\"https:\/\/sejlingsmedje.web.attityde.dk\/?page_id=372#breadcrumb\"},\"inLanguage\":\"da-DK\",\"potentialAction\":[{\"@type\":\"ReadAction\",\"target\":[\"https:\/\/sejlingsmedje.web.attityde.dk\/?page_id=372\"]}]},{\"@type\":\"BreadcrumbList\",\"@id\":\"https:\/\/sejlingsmedje.web.attityde.dk\/?page_id=372#breadcrumb\",\"itemListElement\":[{\"@type\":\"ListItem\",\"position\":1,\"name\":\"Hjem\",\"item\":\"https:\/\/sejlingsmedje.web.attityde.dk\/\"},{\"@type\":\"ListItem\",\"position\":2,\"name\":\"REKA Fyringsanl\u00e6g\"}]},{\"@type\":\"WebSite\",\"@id\":\"https:\/\/sejlingsmedje.web.attityde.dk\/#website\",\"url\":\"https:\/\/sejlingsmedje.web.attityde.dk\/\",\"name\":\"Sejling Smedje\",\"description\":\"\",\"publisher\":{\"@id\":\"https:\/\/sejlingsmedje.web.attityde.dk\/#organization\"},\"potentialAction\":[{\"@type\":\"SearchAction\",\"target\":{\"@type\":\"EntryPoint\",\"urlTemplate\":\"https:\/\/sejlingsmedje.web.attityde.dk\/?s={search_term_string}\"},\"query-input\":{\"@type\":\"PropertyValueSpecification\",\"valueRequired\":true,\"valueName\":\"search_term_string\"}}],\"inLanguage\":\"da-DK\"},{\"@type\":\"Organization\",\"@id\":\"https:\/\/sejlingsmedje.web.attityde.dk\/#organization\",\"name\":\"Sejling Smedje\",\"url\":\"https:\/\/sejlingsmedje.web.attityde.dk\/\",\"logo\":{\"@type\":\"ImageObject\",\"inLanguage\":\"da-DK\",\"@id\":\"https:\/\/sejlingsmedje.web.attityde.dk\/#\/schema\/logo\/image\/\",\"url\":\"https:\/\/sejlingsmedje.web.attityde.dk\/wp-content\/uploads\/2025\/05\/sejlind-smedje-logo.png\",\"contentUrl\":\"https:\/\/sejlingsmedje.web.attityde.dk\/wp-content\/uploads\/2025\/05\/sejlind-smedje-logo.png\",\"width\":1024,\"height\":335,\"caption\":\"Sejling Smedje \"},\"image\":{\"@id\":\"https:\/\/sejlingsmedje.web.attityde.dk\/#\/schema\/logo\/image\/\"}}]}<\/script>\n<!-- \/ Yoast SEO plugin. -->","yoast_head_json":{"title":"REKA Fyringsanl\u00e6g - Sejling Smedje","robots":{"index":"index","follow":"follow","max-snippet":"max-snippet:-1","max-image-preview":"max-image-preview:large","max-video-preview":"max-video-preview:-1"},"canonical":"https:\/\/sejlingsmedje.web.attityde.dk\/?page_id=372","og_locale":"da_DK","og_type":"article","og_title":"REKA Fyringsanl\u00e6g - Sejling Smedje","og_description":"REKA Fyringsanl\u00e6g Vi forhandler REKA fyringsanl\u00e6g Vi har en model til ethvert behov REKA Fyringsanl\u00e6g Vi forhandler REKA fyringsanl\u00e6g, og har en model til ethvert behov, f.eks. HKRST-FSK10 som beskrevet her: Anl\u00e6gget best\u00e5r af:REKA 10 kW st\u00e5lpladekedel med \u00e5ben bund, isoleret med A-batts Og bekl\u00e6dt med st\u00e5l- og plast-isolbelagt plade.Kedelfundament med verdens mindste indbyggede bev\u00e6gelige [&hellip;]","og_url":"https:\/\/sejlingsmedje.web.attityde.dk\/?page_id=372","og_site_name":"Sejling Smedje","article_modified_time":"2025-06-05T09:08:14+00:00","twitter_card":"summary_large_image","twitter_misc":{"Estimeret l\u00e6setid":"2 minutter"},"schema":{"@context":"https:\/\/schema.org","@graph":[{"@type":"WebPage","@id":"https:\/\/sejlingsmedje.web.attityde.dk\/?page_id=372","url":"https:\/\/sejlingsmedje.web.attityde.dk\/?page_id=372","name":"REKA Fyringsanl\u00e6g - Sejling Smedje","isPartOf":{"@id":"https:\/\/sejlingsmedje.web.attityde.dk\/#website"},"datePublished":"2025-06-04T11:15:17+00:00","dateModified":"2025-06-05T09:08:14+00:00","breadcrumb":{"@id":"https:\/\/sejlingsmedje.web.attityde.dk\/?page_id=372#breadcrumb"},"inLanguage":"da-DK","potentialAction":[{"@type":"ReadAction","target":["https:\/\/sejlingsmedje.web.attityde.dk\/?page_id=372"]}]},{"@type":"BreadcrumbList","@id":"https:\/\/sejlingsmedje.web.attityde.dk\/?page_id=372#breadcrumb","itemListElement":[{"@type":"ListItem","position":1,"name":"Hjem","item":"https:\/\/sejlingsmedje.web.attityde.dk\/"},{"@type":"ListItem","position":2,"name":"REKA Fyringsanl\u00e6g"}]},{"@type":"WebSite","@id":"https:\/\/sejlingsmedje.web.attityde.dk\/#website","url":"https:\/\/sejlingsmedje.web.attityde.dk\/","name":"Sejling Smedje","description":"","publisher":{"@id":"https:\/\/sejlingsmedje.web.attityde.dk\/#organization"},"potentialAction":[{"@type":"SearchAction","target":{"@type":"EntryPoint","urlTemplate":"https:\/\/sejlingsmedje.web.attityde.dk\/?s={search_term_string}"},"query-input":{"@type":"PropertyValueSpecification","valueRequired":true,"valueName":"search_term_string"}}],"inLanguage":"da-DK"},{"@type":"Organization","@id":"https:\/\/sejlingsmedje.web.attityde.dk\/#organization","name":"Sejling Smedje","url":"https:\/\/sejlingsmedje.web.attityde.dk\/","logo":{"@type":"ImageObject","inLanguage":"da-DK","@id":"https:\/\/sejlingsmedje.web.attityde.dk\/#\/schema\/logo\/image\/","url":"https:\/\/sejlingsmedje.web.attityde.dk\/wp-content\/uploads\/2025\/05\/sejlind-smedje-logo.png","contentUrl":"https:\/\/sejlingsmedje.web.attityde.dk\/wp-content\/uploads\/2025\/05\/sejlind-smedje-logo.png","width":1024,"height":335,"caption":"Sejling Smedje "},"image":{"@id":"https:\/\/sejlingsmedje.web.attityde.dk\/#\/schema\/logo\/image\/"}}]}},"_links":{"self":[{"href":"https:\/\/sejlingsmedje.web.attityde.dk\/index.php?rest_route=\/wp\/v2\/pages\/372","targetHints":{"allow":["GET"]}}],"collection":[{"href":"https:\/\/sejlingsmedje.web.attityde.dk\/index.php?rest_route=\/wp\/v2\/pages"}],"about":[{"href":"https:\/\/sejlingsmedje.web.attityde.dk\/index.php?rest_route=\/wp\/v2\/types\/page"}],"author":[{"embeddable":true,"href":"https:\/\/sejlingsmedje.web.attityde.dk\/index.php?rest_route=\/wp\/v2\/users\/1"}],"replies":[{"embeddable":true,"href":"https:\/\/sejlingsmedje.web.attityde.dk\/index.php?rest_route=%2Fwp%2Fv2%2Fcomments&post=372"}],"version-history":[{"count":7,"href":"https:\/\/sejlingsmedje.web.attityde.dk\/index.php?rest_route=\/wp\/v2\/pages\/372\/revisions"}],"predecessor-version":[{"id":511,"href":"https:\/\/sejlingsmedje.web.attityde.dk\/index.php?rest_route=\/wp\/v2\/pages\/372\/revisions\/511"}],"wp:attachment":[{"href":"https:\/\/sejlingsmedje.web.attityde.dk\/index.php?rest_route=%2Fwp%2Fv2%2Fmedia&parent=372"}],"curies":[{"name":"wp","href":"https:\/\/api.w.org\/{rel}","templated":true}]}}