{"id":336,"date":"2025-06-04T06:32:12","date_gmt":"2025-06-04T06:32:12","guid":{"rendered":"https:\/\/sejlingsmedje.web.attityde.dk\/?page_id=336"},"modified":"2025-06-05T08:51:48","modified_gmt":"2025-06-05T08:51:48","slug":"pilerenseanlaeg","status":"publish","type":"page","link":"https:\/\/sejlingsmedje.web.attityde.dk\/?page_id=336","title":{"rendered":"Pilerenseanl\u00e6g"},"content":{"rendered":"\t\t<div data-elementor-type=\"wp-page\" data-elementor-id=\"336\" class=\"elementor elementor-336\" data-elementor-post-type=\"page\">\n\t\t\t\t<div class=\"elementor-element elementor-element-391c133a e-flex e-con-boxed e-con e-parent\" data-id=\"391c133a\" data-element_type=\"container\" data-settings=\"{&quot;background_background&quot;:&quot;classic&quot;}\">\n\t\t\t\t\t<div class=\"e-con-inner\">\n\t\t<div class=\"elementor-element elementor-element-706ca631 e-con-full e-flex e-con e-child\" data-id=\"706ca631\" data-element_type=\"container\">\n\t\t\t\t<div class=\"elementor-element elementor-element-34b069da elementor-widget elementor-widget-heading\" data-id=\"34b069da\" data-element_type=\"widget\" data-widget_type=\"heading.default\">\n\t\t\t\t<div class=\"elementor-widget-container\">\n\t\t\t\t\t<h1 class=\"elementor-heading-title elementor-size-default\">Pilerenseanl\u00e6g<\/h1>\t\t\t\t<\/div>\n\t\t\t\t<\/div>\n\t\t\t\t<\/div>\n\t\t\t\t\t<\/div>\n\t\t\t\t<\/div>\n\t\t<div class=\"elementor-element elementor-element-bbd235a e-flex e-con-boxed e-con e-parent\" data-id=\"bbd235a\" data-element_type=\"container\">\n\t\t\t\t\t<div class=\"e-con-inner\">\n\t\t<div class=\"elementor-element elementor-element-4897fca e-con-full e-flex e-con e-child\" data-id=\"4897fca\" data-element_type=\"container\">\n\t\t<div class=\"elementor-element elementor-element-2212d54f e-flex e-con-boxed e-con e-child\" data-id=\"2212d54f\" data-element_type=\"container\">\n\t\t\t\t\t<div class=\"e-con-inner\">\n\t\t\t\t<div class=\"elementor-element elementor-element-fb32a5e elementor-widget elementor-widget-heading\" data-id=\"fb32a5e\" data-element_type=\"widget\" data-widget_type=\"heading.default\">\n\t\t\t\t<div class=\"elementor-widget-container\">\n\t\t\t\t\t<h3 class=\"elementor-heading-title elementor-size-default\">Kloakmester udf\u00f8rer professionelt og grundigt kloakarbejde<\/h3>\t\t\t\t<\/div>\n\t\t\t\t<\/div>\n\t\t\t\t<div class=\"elementor-element elementor-element-7da6613b elementor-widget elementor-widget-heading\" data-id=\"7da6613b\" data-element_type=\"widget\" data-widget_type=\"heading.default\">\n\t\t\t\t<div class=\"elementor-widget-container\">\n\t\t\t\t\t<h2 class=\"elementor-heading-title elementor-size-default\">Kloakarbejde i Silkeborg, Kjellerup og Bjerringbro<\/h2>\t\t\t\t<\/div>\n\t\t\t\t<\/div>\n\t\t\t\t\t<\/div>\n\t\t\t\t<\/div>\n\t\t<div class=\"elementor-element elementor-element-4a7f637c e-con-full e-flex e-con e-child\" data-id=\"4a7f637c\" data-element_type=\"container\">\n\t\t<div class=\"elementor-element elementor-element-7f3e1fee e-con-full e-flex e-con e-child\" data-id=\"7f3e1fee\" data-element_type=\"container\" data-settings=\"{&quot;background_background&quot;:&quot;classic&quot;}\">\n\t\t\t\t<\/div>\n\t\t<div class=\"elementor-element elementor-element-2c85e6ed e-con-full e-flex e-con e-child\" data-id=\"2c85e6ed\" data-element_type=\"container\">\n\t\t\t\t<div class=\"elementor-element elementor-element-48771181 elementor-widget elementor-widget-heading\" data-id=\"48771181\" data-element_type=\"widget\" data-widget_type=\"heading.default\">\n\t\t\t\t<div class=\"elementor-widget-container\">\n\t\t\t\t\t<h3 class=\"elementor-heading-title elementor-size-default\">Milj\u00f8rigtig afledning af husholdningsspildevand<\/h3>\t\t\t\t<\/div>\n\t\t\t\t<\/div>\n\t\t\t\t<div class=\"elementor-element elementor-element-2c7a90c9 elementor-widget elementor-widget-text-editor\" data-id=\"2c7a90c9\" data-element_type=\"widget\" data-widget_type=\"text-editor.default\">\n\t\t\t\t<div class=\"elementor-widget-container\">\n\t\t\t\t\t\t\t\t\t<p>Pilerensningsanl\u00e6g kan v\u00e6re helt uden afledning til naturlige recipienter (vandl\u00f8b, s\u00f8, hav, jord osv.) dvs. at alt spilde- og regnvand bliver opsuget af piletr\u00e6erne eller fordamper.<\/p><p>Pileanl\u00e6g kan dog etableres uden bund, s\u00e5ledes at det vand, der ikke bliver opsuget eller fordamper, siver ned i jorden. S\u00e5danne anl\u00e6g skal udf\u00f8res efter regler om nedsivningsanl\u00e6g.<\/p><p>Anl\u00e6g med fast bund udf\u00f8res uden krav om afl\u00f8b, og pileanl\u00e6g kan derfor anvendes overalt, selv i f\u00f8lsomme vandindvindingsomr\u00e5der eller omr\u00e5der med h\u00f8j grundvandsstand.<\/p><p>Spildevandet pumpes til pileanl\u00e6gget og i anl\u00e6ggets l\u00e6ngderetning etableres en sivegr\u00f8ft af vaskede n\u00f8ddesten (16\/32) eller en r\u00e6kke Bioblokke til at fordele spildevandet. Fordelingsledningen l\u00e6gges i frostfri dybde, dvs. 0,60 m under terr\u00e6n. Bioblokkene og sivegr\u00f8ft skal, undtagen p\u00e5 undersiden, d\u00e6kkes med en roduigennemtr\u00e6ngelig geotekstil.<\/p><p>Der skal etableres en ca. 30 cm h\u00f8j jordvold omkring anl\u00e6gget for at hindre overfladevand i at l\u00f8be ind i bassinet. Jordvolden kan ogs\u00e5 (ved s\u00e6rlig kraftige regnskyl) tilbageholde vandet i anl\u00e6gget indtil det f\u00e5r tid til at synke ned.<\/p><p>Dimensionering b\u00f8r foretages af eksperter. Et almindeligt anl\u00e6g vil normalt v\u00e6re 1,5 m dybt og have et overfladeareal p\u00e5 200 \u2013 400 m2, alt efter husstandens st\u00f8rrelse, vaner og vandforbrug, nedb\u00f8ren og jordens evne til at indeholde vand det f\u00f8rste \u00e5r samt tidspunkt for etablering.<\/p>\t\t\t\t\t\t\t\t<\/div>\n\t\t\t\t<\/div>\n\t\t\t\t<\/div>\n\t\t\t\t<\/div>\n\t\t\t\t<\/div>\n\t\t\t\t\t<\/div>\n\t\t\t\t<\/div>\n\t\t\t\t<\/div>\n\t\t","protected":false},"excerpt":{"rendered":"<p>Pilerenseanl\u00e6g Kloakmester udf\u00f8rer professionelt og grundigt kloakarbejde Kloakarbejde i Silkeborg, Kjellerup og Bjerringbro Milj\u00f8rigtig afledning af husholdningsspildevand Pilerensningsanl\u00e6g kan v\u00e6re helt uden afledning til naturlige recipienter (vandl\u00f8b, s\u00f8, hav, jord osv.) dvs. at alt spilde- og regnvand bliver opsuget af piletr\u00e6erne eller fordamper. Pileanl\u00e6g kan dog etableres uden bund, s\u00e5ledes at det vand, der ikke [&hellip;]<\/p>\n","protected":false},"author":1,"featured_media":0,"parent":0,"menu_order":0,"comment_status":"closed","ping_status":"closed","template":"elementor_header_footer","meta":{"_acf_changed":false,"footnotes":""},"class_list":["post-336","page","type-page","status-publish","hentry"],"acf":[],"yoast_head":"<!-- This site is optimized with the Yoast SEO plugin v25.1 - https:\/\/yoast.com\/wordpress\/plugins\/seo\/ -->\n<title>Pilerenseanl\u00e6g - Sejling Smedje<\/title>\n<meta name=\"robots\" content=\"index, follow, max-snippet:-1, max-image-preview:large, max-video-preview:-1\" \/>\n<link rel=\"canonical\" href=\"https:\/\/sejlingsmedje.web.attityde.dk\/?page_id=336\" \/>\n<meta property=\"og:locale\" content=\"da_DK\" \/>\n<meta property=\"og:type\" content=\"article\" \/>\n<meta property=\"og:title\" content=\"Pilerenseanl\u00e6g - Sejling Smedje\" \/>\n<meta property=\"og:description\" content=\"Pilerenseanl\u00e6g Kloakmester udf\u00f8rer professionelt og grundigt kloakarbejde Kloakarbejde i Silkeborg, Kjellerup og Bjerringbro Milj\u00f8rigtig afledning af husholdningsspildevand Pilerensningsanl\u00e6g kan v\u00e6re helt uden afledning til naturlige recipienter (vandl\u00f8b, s\u00f8, hav, jord osv.) dvs. at alt spilde- og regnvand bliver opsuget af piletr\u00e6erne eller fordamper. Pileanl\u00e6g kan dog etableres uden bund, s\u00e5ledes at det vand, der ikke [&hellip;]\" \/>\n<meta property=\"og:url\" content=\"https:\/\/sejlingsmedje.web.attityde.dk\/?page_id=336\" \/>\n<meta property=\"og:site_name\" content=\"Sejling Smedje\" \/>\n<meta property=\"article:modified_time\" content=\"2025-06-05T08:51:48+00:00\" \/>\n<meta name=\"twitter:card\" content=\"summary_large_image\" \/>\n<meta name=\"twitter:label1\" content=\"Estimeret l\u00e6setid\" \/>\n\t<meta name=\"twitter:data1\" content=\"2 minutter\" \/>\n<script type=\"application\/ld+json\" class=\"yoast-schema-graph\">{\"@context\":\"https:\/\/schema.org\",\"@graph\":[{\"@type\":\"WebPage\",\"@id\":\"https:\/\/sejlingsmedje.web.attityde.dk\/?page_id=336\",\"url\":\"https:\/\/sejlingsmedje.web.attityde.dk\/?page_id=336\",\"name\":\"Pilerenseanl\u00e6g - Sejling Smedje\",\"isPartOf\":{\"@id\":\"https:\/\/sejlingsmedje.web.attityde.dk\/#website\"},\"datePublished\":\"2025-06-04T06:32:12+00:00\",\"dateModified\":\"2025-06-05T08:51:48+00:00\",\"breadcrumb\":{\"@id\":\"https:\/\/sejlingsmedje.web.attityde.dk\/?page_id=336#breadcrumb\"},\"inLanguage\":\"da-DK\",\"potentialAction\":[{\"@type\":\"ReadAction\",\"target\":[\"https:\/\/sejlingsmedje.web.attityde.dk\/?page_id=336\"]}]},{\"@type\":\"BreadcrumbList\",\"@id\":\"https:\/\/sejlingsmedje.web.attityde.dk\/?page_id=336#breadcrumb\",\"itemListElement\":[{\"@type\":\"ListItem\",\"position\":1,\"name\":\"Hjem\",\"item\":\"https:\/\/sejlingsmedje.web.attityde.dk\/\"},{\"@type\":\"ListItem\",\"position\":2,\"name\":\"Pilerenseanl\u00e6g\"}]},{\"@type\":\"WebSite\",\"@id\":\"https:\/\/sejlingsmedje.web.attityde.dk\/#website\",\"url\":\"https:\/\/sejlingsmedje.web.attityde.dk\/\",\"name\":\"Sejling Smedje\",\"description\":\"\",\"publisher\":{\"@id\":\"https:\/\/sejlingsmedje.web.attityde.dk\/#organization\"},\"potentialAction\":[{\"@type\":\"SearchAction\",\"target\":{\"@type\":\"EntryPoint\",\"urlTemplate\":\"https:\/\/sejlingsmedje.web.attityde.dk\/?s={search_term_string}\"},\"query-input\":{\"@type\":\"PropertyValueSpecification\",\"valueRequired\":true,\"valueName\":\"search_term_string\"}}],\"inLanguage\":\"da-DK\"},{\"@type\":\"Organization\",\"@id\":\"https:\/\/sejlingsmedje.web.attityde.dk\/#organization\",\"name\":\"Sejling Smedje\",\"url\":\"https:\/\/sejlingsmedje.web.attityde.dk\/\",\"logo\":{\"@type\":\"ImageObject\",\"inLanguage\":\"da-DK\",\"@id\":\"https:\/\/sejlingsmedje.web.attityde.dk\/#\/schema\/logo\/image\/\",\"url\":\"https:\/\/sejlingsmedje.web.attityde.dk\/wp-content\/uploads\/2025\/05\/sejlind-smedje-logo.png\",\"contentUrl\":\"https:\/\/sejlingsmedje.web.attityde.dk\/wp-content\/uploads\/2025\/05\/sejlind-smedje-logo.png\",\"width\":1024,\"height\":335,\"caption\":\"Sejling Smedje \"},\"image\":{\"@id\":\"https:\/\/sejlingsmedje.web.attityde.dk\/#\/schema\/logo\/image\/\"}}]}<\/script>\n<!-- \/ Yoast SEO plugin. -->","yoast_head_json":{"title":"Pilerenseanl\u00e6g - Sejling Smedje","robots":{"index":"index","follow":"follow","max-snippet":"max-snippet:-1","max-image-preview":"max-image-preview:large","max-video-preview":"max-video-preview:-1"},"canonical":"https:\/\/sejlingsmedje.web.attityde.dk\/?page_id=336","og_locale":"da_DK","og_type":"article","og_title":"Pilerenseanl\u00e6g - Sejling Smedje","og_description":"Pilerenseanl\u00e6g Kloakmester udf\u00f8rer professionelt og grundigt kloakarbejde Kloakarbejde i Silkeborg, Kjellerup og Bjerringbro Milj\u00f8rigtig afledning af husholdningsspildevand Pilerensningsanl\u00e6g kan v\u00e6re helt uden afledning til naturlige recipienter (vandl\u00f8b, s\u00f8, hav, jord osv.) dvs. at alt spilde- og regnvand bliver opsuget af piletr\u00e6erne eller fordamper. Pileanl\u00e6g kan dog etableres uden bund, s\u00e5ledes at det vand, der ikke [&hellip;]","og_url":"https:\/\/sejlingsmedje.web.attityde.dk\/?page_id=336","og_site_name":"Sejling Smedje","article_modified_time":"2025-06-05T08:51:48+00:00","twitter_card":"summary_large_image","twitter_misc":{"Estimeret l\u00e6setid":"2 minutter"},"schema":{"@context":"https:\/\/schema.org","@graph":[{"@type":"WebPage","@id":"https:\/\/sejlingsmedje.web.attityde.dk\/?page_id=336","url":"https:\/\/sejlingsmedje.web.attityde.dk\/?page_id=336","name":"Pilerenseanl\u00e6g - Sejling Smedje","isPartOf":{"@id":"https:\/\/sejlingsmedje.web.attityde.dk\/#website"},"datePublished":"2025-06-04T06:32:12+00:00","dateModified":"2025-06-05T08:51:48+00:00","breadcrumb":{"@id":"https:\/\/sejlingsmedje.web.attityde.dk\/?page_id=336#breadcrumb"},"inLanguage":"da-DK","potentialAction":[{"@type":"ReadAction","target":["https:\/\/sejlingsmedje.web.attityde.dk\/?page_id=336"]}]},{"@type":"BreadcrumbList","@id":"https:\/\/sejlingsmedje.web.attityde.dk\/?page_id=336#breadcrumb","itemListElement":[{"@type":"ListItem","position":1,"name":"Hjem","item":"https:\/\/sejlingsmedje.web.attityde.dk\/"},{"@type":"ListItem","position":2,"name":"Pilerenseanl\u00e6g"}]},{"@type":"WebSite","@id":"https:\/\/sejlingsmedje.web.attityde.dk\/#website","url":"https:\/\/sejlingsmedje.web.attityde.dk\/","name":"Sejling Smedje","description":"","publisher":{"@id":"https:\/\/sejlingsmedje.web.attityde.dk\/#organization"},"potentialAction":[{"@type":"SearchAction","target":{"@type":"EntryPoint","urlTemplate":"https:\/\/sejlingsmedje.web.attityde.dk\/?s={search_term_string}"},"query-input":{"@type":"PropertyValueSpecification","valueRequired":true,"valueName":"search_term_string"}}],"inLanguage":"da-DK"},{"@type":"Organization","@id":"https:\/\/sejlingsmedje.web.attityde.dk\/#organization","name":"Sejling Smedje","url":"https:\/\/sejlingsmedje.web.attityde.dk\/","logo":{"@type":"ImageObject","inLanguage":"da-DK","@id":"https:\/\/sejlingsmedje.web.attityde.dk\/#\/schema\/logo\/image\/","url":"https:\/\/sejlingsmedje.web.attityde.dk\/wp-content\/uploads\/2025\/05\/sejlind-smedje-logo.png","contentUrl":"https:\/\/sejlingsmedje.web.attityde.dk\/wp-content\/uploads\/2025\/05\/sejlind-smedje-logo.png","width":1024,"height":335,"caption":"Sejling Smedje "},"image":{"@id":"https:\/\/sejlingsmedje.web.attityde.dk\/#\/schema\/logo\/image\/"}}]}},"_links":{"self":[{"href":"https:\/\/sejlingsmedje.web.attityde.dk\/index.php?rest_route=\/wp\/v2\/pages\/336","targetHints":{"allow":["GET"]}}],"collection":[{"href":"https:\/\/sejlingsmedje.web.attityde.dk\/index.php?rest_route=\/wp\/v2\/pages"}],"about":[{"href":"https:\/\/sejlingsmedje.web.attityde.dk\/index.php?rest_route=\/wp\/v2\/types\/page"}],"author":[{"embeddable":true,"href":"https:\/\/sejlingsmedje.web.attityde.dk\/index.php?rest_route=\/wp\/v2\/users\/1"}],"replies":[{"embeddable":true,"href":"https:\/\/sejlingsmedje.web.attityde.dk\/index.php?rest_route=%2Fwp%2Fv2%2Fcomments&post=336"}],"version-history":[{"count":7,"href":"https:\/\/sejlingsmedje.web.attityde.dk\/index.php?rest_route=\/wp\/v2\/pages\/336\/revisions"}],"predecessor-version":[{"id":497,"href":"https:\/\/sejlingsmedje.web.attityde.dk\/index.php?rest_route=\/wp\/v2\/pages\/336\/revisions\/497"}],"wp:attachment":[{"href":"https:\/\/sejlingsmedje.web.attityde.dk\/index.php?rest_route=%2Fwp%2Fv2%2Fmedia&parent=336"}],"curies":[{"name":"wp","href":"https:\/\/api.w.org\/{rel}","templated":true}]}}