{"id":330,"date":"2025-06-04T06:28:27","date_gmt":"2025-06-04T06:28:27","guid":{"rendered":"https:\/\/sejlingsmedje.web.attityde.dk\/?page_id=330"},"modified":"2025-06-05T08:46:52","modified_gmt":"2025-06-05T08:46:52","slug":"nedrivningsanlaeg","status":"publish","type":"page","link":"https:\/\/sejlingsmedje.web.attityde.dk\/?page_id=330","title":{"rendered":"Nedrivningsanl\u00e6g"},"content":{"rendered":"\t\t<div data-elementor-type=\"wp-page\" data-elementor-id=\"330\" class=\"elementor elementor-330\" data-elementor-post-type=\"page\">\n\t\t\t\t<div class=\"elementor-element elementor-element-7925763d e-flex e-con-boxed e-con e-parent\" data-id=\"7925763d\" data-element_type=\"container\" data-settings=\"{&quot;background_background&quot;:&quot;classic&quot;}\">\n\t\t\t\t\t<div class=\"e-con-inner\">\n\t\t<div class=\"elementor-element elementor-element-6990df53 e-con-full e-flex e-con e-child\" data-id=\"6990df53\" data-element_type=\"container\">\n\t\t\t\t<div class=\"elementor-element elementor-element-41235647 elementor-widget elementor-widget-heading\" data-id=\"41235647\" data-element_type=\"widget\" data-widget_type=\"heading.default\">\n\t\t\t\t<div class=\"elementor-widget-container\">\n\t\t\t\t\t<h1 class=\"elementor-heading-title elementor-size-default\">Nedrivningsanl\u00e6g<\/h1>\t\t\t\t<\/div>\n\t\t\t\t<\/div>\n\t\t\t\t<\/div>\n\t\t\t\t\t<\/div>\n\t\t\t\t<\/div>\n\t\t<div class=\"elementor-element elementor-element-4914e10d e-flex e-con-boxed e-con e-parent\" data-id=\"4914e10d\" data-element_type=\"container\">\n\t\t\t\t\t<div class=\"e-con-inner\">\n\t\t<div class=\"elementor-element elementor-element-5f7aa29 e-con-full e-flex e-con e-child\" data-id=\"5f7aa29\" data-element_type=\"container\">\n\t\t<div class=\"elementor-element elementor-element-2fdc5290 e-flex e-con-boxed e-con e-child\" data-id=\"2fdc5290\" data-element_type=\"container\">\n\t\t\t\t\t<div class=\"e-con-inner\">\n\t\t\t\t<div class=\"elementor-element elementor-element-578dd763 elementor-widget elementor-widget-heading\" data-id=\"578dd763\" data-element_type=\"widget\" data-widget_type=\"heading.default\">\n\t\t\t\t<div class=\"elementor-widget-container\">\n\t\t\t\t\t<h3 class=\"elementor-heading-title elementor-size-default\">Kloakmester udf\u00f8rer professionelt og grundigt kloakarbejde<\/h3>\t\t\t\t<\/div>\n\t\t\t\t<\/div>\n\t\t\t\t<div class=\"elementor-element elementor-element-75a0c822 elementor-widget elementor-widget-heading\" data-id=\"75a0c822\" data-element_type=\"widget\" data-widget_type=\"heading.default\">\n\t\t\t\t<div class=\"elementor-widget-container\">\n\t\t\t\t\t<h2 class=\"elementor-heading-title elementor-size-default\">Kloakarbejde i Silkeborg, Kjellerup og Bjerringbro<\/h2>\t\t\t\t<\/div>\n\t\t\t\t<\/div>\n\t\t\t\t\t<\/div>\n\t\t\t\t<\/div>\n\t\t<div class=\"elementor-element elementor-element-46b310bc e-con-full e-flex e-con e-child\" data-id=\"46b310bc\" data-element_type=\"container\">\n\t\t<div class=\"elementor-element elementor-element-7c541347 e-con-full e-flex e-con e-child\" data-id=\"7c541347\" data-element_type=\"container\" data-settings=\"{&quot;background_background&quot;:&quot;classic&quot;}\">\n\t\t\t\t<\/div>\n\t\t<div class=\"elementor-element elementor-element-47ebdfd6 e-con-full e-flex e-con e-child\" data-id=\"47ebdfd6\" data-element_type=\"container\">\n\t\t\t\t<div class=\"elementor-element elementor-element-6cb0abc6 elementor-widget elementor-widget-heading\" data-id=\"6cb0abc6\" data-element_type=\"widget\" data-widget_type=\"heading.default\">\n\t\t\t\t<div class=\"elementor-widget-container\">\n\t\t\t\t\t<h3 class=\"elementor-heading-title elementor-size-default\">Hvad er et nedsivningsanl\u00e6g?<\/h3>\t\t\t\t<\/div>\n\t\t\t\t<\/div>\n\t\t\t\t<div class=\"elementor-element elementor-element-2baab24b elementor-widget elementor-widget-text-editor\" data-id=\"2baab24b\" data-element_type=\"widget\" data-widget_type=\"text-editor.default\">\n\t\t\t\t<div class=\"elementor-widget-container\">\n\t\t\t\t\t\t\t\t\t<p>Et nedsivningsanl\u00e6g er et system der tager renser spildevandet fra husholdningen og frigiver vandet til nedsivning i jorden. Hvis du bor i et omr\u00e5de uden tilslutning til offentlig kloak, eksempelvis sommerhusomr\u00e5der, er dette en mulighed for afledning af husholdningsspildevandet.<\/p><p>Nedsivningsanl\u00e6gget har blandt andet til form\u00e5l at:<\/p><p>Bortlede den vandm\u00e6ngde der til enhver tid m\u00e5tte komme<\/p><p>Fordele den givne vandm\u00e6ngde ligeligt over hele nedsivningsarealet<\/p><p>Sikre den fortsatte biologiske nedbrydning.<\/p><p>Nedsivningsanl\u00e6gget kan etableres enten som et gravitationssystem eller som et pumpesystem, hvor sidstn\u00e6vnte anbefales, da det giver en bedre fordeling af spildevandet i nedsivningsarealet.<\/p>\t\t\t\t\t\t\t\t<\/div>\n\t\t\t\t<\/div>\n\t\t\t\t<div class=\"elementor-element elementor-element-548fd832 elementor-widget elementor-widget-heading\" data-id=\"548fd832\" data-element_type=\"widget\" data-widget_type=\"heading.default\">\n\t\t\t\t<div class=\"elementor-widget-container\">\n\t\t\t\t\t<h3 class=\"elementor-heading-title elementor-size-default\">F\u00e5 professionel r\u00e5dgivning og installation<\/h3>\t\t\t\t<\/div>\n\t\t\t\t<\/div>\n\t\t\t\t<div class=\"elementor-element elementor-element-7355ce06 elementor-widget__width-initial elementor-widget elementor-widget-text-editor\" data-id=\"7355ce06\" data-element_type=\"widget\" data-widget_type=\"text-editor.default\">\n\t\t\t\t<div class=\"elementor-widget-container\">\n\t\t\t\t\t\t\t\t\t<p>Hos\u00a0Sejling Smedje\u00a0har vi mange \u00e5rs erfaring med alle former for kloak og VVS arbejde. Som Autoriseret Kloakmester efterlader i et godt og veludf\u00f8rt arbejde med baggrund i faglig stolhed og erfaring.<\/p><p>Vi forhandler og installerer nedsivningsanl\u00e6g fra b.la.\u00a0<a title=\"Wavin\" href=\"http:\/\/dk.wavin.com\/\">Wavin<\/a>\u00a0og\u00a0<a title=\"Watercare\" href=\"http:\/\/watercare.dk\/\">Watercare<\/a>.<\/p><p>Kontakt os p\u00e5\u00a086 85 50 65, for tilbud og r\u00e5dgivning om nedsivninganl\u00e6g.<\/p>\t\t\t\t\t\t\t\t<\/div>\n\t\t\t\t<\/div>\n\t\t\t\t<\/div>\n\t\t\t\t<\/div>\n\t\t\t\t<\/div>\n\t\t\t\t\t<\/div>\n\t\t\t\t<\/div>\n\t\t\t\t<\/div>\n\t\t","protected":false},"excerpt":{"rendered":"<p>Nedrivningsanl\u00e6g Kloakmester udf\u00f8rer professionelt og grundigt kloakarbejde Kloakarbejde i Silkeborg, Kjellerup og Bjerringbro Hvad er et nedsivningsanl\u00e6g? Et nedsivningsanl\u00e6g er et system der tager renser spildevandet fra husholdningen og frigiver vandet til nedsivning i jorden. Hvis du bor i et omr\u00e5de uden tilslutning til offentlig kloak, eksempelvis sommerhusomr\u00e5der, er dette en mulighed for afledning af [&hellip;]<\/p>\n","protected":false},"author":1,"featured_media":0,"parent":0,"menu_order":0,"comment_status":"closed","ping_status":"closed","template":"elementor_header_footer","meta":{"_acf_changed":false,"footnotes":""},"class_list":["post-330","page","type-page","status-publish","hentry"],"acf":[],"yoast_head":"<!-- This site is optimized with the Yoast SEO plugin v25.1 - https:\/\/yoast.com\/wordpress\/plugins\/seo\/ -->\n<title>Nedrivningsanl\u00e6g - Sejling Smedje<\/title>\n<meta name=\"robots\" content=\"index, follow, max-snippet:-1, max-image-preview:large, max-video-preview:-1\" \/>\n<link rel=\"canonical\" href=\"https:\/\/sejlingsmedje.web.attityde.dk\/?page_id=330\" \/>\n<meta property=\"og:locale\" content=\"da_DK\" \/>\n<meta property=\"og:type\" content=\"article\" \/>\n<meta property=\"og:title\" content=\"Nedrivningsanl\u00e6g - Sejling Smedje\" \/>\n<meta property=\"og:description\" content=\"Nedrivningsanl\u00e6g Kloakmester udf\u00f8rer professionelt og grundigt kloakarbejde Kloakarbejde i Silkeborg, Kjellerup og Bjerringbro Hvad er et nedsivningsanl\u00e6g? Et nedsivningsanl\u00e6g er et system der tager renser spildevandet fra husholdningen og frigiver vandet til nedsivning i jorden. Hvis du bor i et omr\u00e5de uden tilslutning til offentlig kloak, eksempelvis sommerhusomr\u00e5der, er dette en mulighed for afledning af [&hellip;]\" \/>\n<meta property=\"og:url\" content=\"https:\/\/sejlingsmedje.web.attityde.dk\/?page_id=330\" \/>\n<meta property=\"og:site_name\" content=\"Sejling Smedje\" \/>\n<meta property=\"article:modified_time\" content=\"2025-06-05T08:46:52+00:00\" \/>\n<meta name=\"twitter:card\" content=\"summary_large_image\" \/>\n<meta name=\"twitter:label1\" content=\"Estimeret l\u00e6setid\" \/>\n\t<meta name=\"twitter:data1\" content=\"1 minut\" \/>\n<script type=\"application\/ld+json\" class=\"yoast-schema-graph\">{\"@context\":\"https:\/\/schema.org\",\"@graph\":[{\"@type\":\"WebPage\",\"@id\":\"https:\/\/sejlingsmedje.web.attityde.dk\/?page_id=330\",\"url\":\"https:\/\/sejlingsmedje.web.attityde.dk\/?page_id=330\",\"name\":\"Nedrivningsanl\u00e6g - Sejling Smedje\",\"isPartOf\":{\"@id\":\"https:\/\/sejlingsmedje.web.attityde.dk\/#website\"},\"datePublished\":\"2025-06-04T06:28:27+00:00\",\"dateModified\":\"2025-06-05T08:46:52+00:00\",\"breadcrumb\":{\"@id\":\"https:\/\/sejlingsmedje.web.attityde.dk\/?page_id=330#breadcrumb\"},\"inLanguage\":\"da-DK\",\"potentialAction\":[{\"@type\":\"ReadAction\",\"target\":[\"https:\/\/sejlingsmedje.web.attityde.dk\/?page_id=330\"]}]},{\"@type\":\"BreadcrumbList\",\"@id\":\"https:\/\/sejlingsmedje.web.attityde.dk\/?page_id=330#breadcrumb\",\"itemListElement\":[{\"@type\":\"ListItem\",\"position\":1,\"name\":\"Hjem\",\"item\":\"https:\/\/sejlingsmedje.web.attityde.dk\/\"},{\"@type\":\"ListItem\",\"position\":2,\"name\":\"Nedrivningsanl\u00e6g\"}]},{\"@type\":\"WebSite\",\"@id\":\"https:\/\/sejlingsmedje.web.attityde.dk\/#website\",\"url\":\"https:\/\/sejlingsmedje.web.attityde.dk\/\",\"name\":\"Sejling Smedje\",\"description\":\"\",\"publisher\":{\"@id\":\"https:\/\/sejlingsmedje.web.attityde.dk\/#organization\"},\"potentialAction\":[{\"@type\":\"SearchAction\",\"target\":{\"@type\":\"EntryPoint\",\"urlTemplate\":\"https:\/\/sejlingsmedje.web.attityde.dk\/?s={search_term_string}\"},\"query-input\":{\"@type\":\"PropertyValueSpecification\",\"valueRequired\":true,\"valueName\":\"search_term_string\"}}],\"inLanguage\":\"da-DK\"},{\"@type\":\"Organization\",\"@id\":\"https:\/\/sejlingsmedje.web.attityde.dk\/#organization\",\"name\":\"Sejling Smedje\",\"url\":\"https:\/\/sejlingsmedje.web.attityde.dk\/\",\"logo\":{\"@type\":\"ImageObject\",\"inLanguage\":\"da-DK\",\"@id\":\"https:\/\/sejlingsmedje.web.attityde.dk\/#\/schema\/logo\/image\/\",\"url\":\"https:\/\/sejlingsmedje.web.attityde.dk\/wp-content\/uploads\/2025\/05\/sejlind-smedje-logo.png\",\"contentUrl\":\"https:\/\/sejlingsmedje.web.attityde.dk\/wp-content\/uploads\/2025\/05\/sejlind-smedje-logo.png\",\"width\":1024,\"height\":335,\"caption\":\"Sejling Smedje \"},\"image\":{\"@id\":\"https:\/\/sejlingsmedje.web.attityde.dk\/#\/schema\/logo\/image\/\"}}]}<\/script>\n<!-- \/ Yoast SEO plugin. -->","yoast_head_json":{"title":"Nedrivningsanl\u00e6g - Sejling Smedje","robots":{"index":"index","follow":"follow","max-snippet":"max-snippet:-1","max-image-preview":"max-image-preview:large","max-video-preview":"max-video-preview:-1"},"canonical":"https:\/\/sejlingsmedje.web.attityde.dk\/?page_id=330","og_locale":"da_DK","og_type":"article","og_title":"Nedrivningsanl\u00e6g - Sejling Smedje","og_description":"Nedrivningsanl\u00e6g Kloakmester udf\u00f8rer professionelt og grundigt kloakarbejde Kloakarbejde i Silkeborg, Kjellerup og Bjerringbro Hvad er et nedsivningsanl\u00e6g? Et nedsivningsanl\u00e6g er et system der tager renser spildevandet fra husholdningen og frigiver vandet til nedsivning i jorden. Hvis du bor i et omr\u00e5de uden tilslutning til offentlig kloak, eksempelvis sommerhusomr\u00e5der, er dette en mulighed for afledning af [&hellip;]","og_url":"https:\/\/sejlingsmedje.web.attityde.dk\/?page_id=330","og_site_name":"Sejling Smedje","article_modified_time":"2025-06-05T08:46:52+00:00","twitter_card":"summary_large_image","twitter_misc":{"Estimeret l\u00e6setid":"1 minut"},"schema":{"@context":"https:\/\/schema.org","@graph":[{"@type":"WebPage","@id":"https:\/\/sejlingsmedje.web.attityde.dk\/?page_id=330","url":"https:\/\/sejlingsmedje.web.attityde.dk\/?page_id=330","name":"Nedrivningsanl\u00e6g - Sejling Smedje","isPartOf":{"@id":"https:\/\/sejlingsmedje.web.attityde.dk\/#website"},"datePublished":"2025-06-04T06:28:27+00:00","dateModified":"2025-06-05T08:46:52+00:00","breadcrumb":{"@id":"https:\/\/sejlingsmedje.web.attityde.dk\/?page_id=330#breadcrumb"},"inLanguage":"da-DK","potentialAction":[{"@type":"ReadAction","target":["https:\/\/sejlingsmedje.web.attityde.dk\/?page_id=330"]}]},{"@type":"BreadcrumbList","@id":"https:\/\/sejlingsmedje.web.attityde.dk\/?page_id=330#breadcrumb","itemListElement":[{"@type":"ListItem","position":1,"name":"Hjem","item":"https:\/\/sejlingsmedje.web.attityde.dk\/"},{"@type":"ListItem","position":2,"name":"Nedrivningsanl\u00e6g"}]},{"@type":"WebSite","@id":"https:\/\/sejlingsmedje.web.attityde.dk\/#website","url":"https:\/\/sejlingsmedje.web.attityde.dk\/","name":"Sejling Smedje","description":"","publisher":{"@id":"https:\/\/sejlingsmedje.web.attityde.dk\/#organization"},"potentialAction":[{"@type":"SearchAction","target":{"@type":"EntryPoint","urlTemplate":"https:\/\/sejlingsmedje.web.attityde.dk\/?s={search_term_string}"},"query-input":{"@type":"PropertyValueSpecification","valueRequired":true,"valueName":"search_term_string"}}],"inLanguage":"da-DK"},{"@type":"Organization","@id":"https:\/\/sejlingsmedje.web.attityde.dk\/#organization","name":"Sejling Smedje","url":"https:\/\/sejlingsmedje.web.attityde.dk\/","logo":{"@type":"ImageObject","inLanguage":"da-DK","@id":"https:\/\/sejlingsmedje.web.attityde.dk\/#\/schema\/logo\/image\/","url":"https:\/\/sejlingsmedje.web.attityde.dk\/wp-content\/uploads\/2025\/05\/sejlind-smedje-logo.png","contentUrl":"https:\/\/sejlingsmedje.web.attityde.dk\/wp-content\/uploads\/2025\/05\/sejlind-smedje-logo.png","width":1024,"height":335,"caption":"Sejling Smedje "},"image":{"@id":"https:\/\/sejlingsmedje.web.attityde.dk\/#\/schema\/logo\/image\/"}}]}},"_links":{"self":[{"href":"https:\/\/sejlingsmedje.web.attityde.dk\/index.php?rest_route=\/wp\/v2\/pages\/330","targetHints":{"allow":["GET"]}}],"collection":[{"href":"https:\/\/sejlingsmedje.web.attityde.dk\/index.php?rest_route=\/wp\/v2\/pages"}],"about":[{"href":"https:\/\/sejlingsmedje.web.attityde.dk\/index.php?rest_route=\/wp\/v2\/types\/page"}],"author":[{"embeddable":true,"href":"https:\/\/sejlingsmedje.web.attityde.dk\/index.php?rest_route=\/wp\/v2\/users\/1"}],"replies":[{"embeddable":true,"href":"https:\/\/sejlingsmedje.web.attityde.dk\/index.php?rest_route=%2Fwp%2Fv2%2Fcomments&post=330"}],"version-history":[{"count":7,"href":"https:\/\/sejlingsmedje.web.attityde.dk\/index.php?rest_route=\/wp\/v2\/pages\/330\/revisions"}],"predecessor-version":[{"id":494,"href":"https:\/\/sejlingsmedje.web.attityde.dk\/index.php?rest_route=\/wp\/v2\/pages\/330\/revisions\/494"}],"wp:attachment":[{"href":"https:\/\/sejlingsmedje.web.attityde.dk\/index.php?rest_route=%2Fwp%2Fv2%2Fmedia&parent=330"}],"curies":[{"name":"wp","href":"https:\/\/api.w.org\/{rel}","templated":true}]}}